 48 = x. Calculate the remainder when y is divided by 9.
8
Let g(t) = t**3 - t**2 + t - 2. Let j be g(2). Let m(c) = 5*c - 1. What is the remainder when 52 is divided by m(j)?
14
Let l = -8 + 18. Let x = l + -7. Calculate the remainder when x is divided by 3.
0
Suppose -3*i + 342 + 225 = 0. What is the remainder when i is divided by 32?
29
Let i(n) = 2*n - 10. Let b be i(7). Suppose 0*d - b*d = -1168. Suppose -d = -6*m + 2*m. What is the remainder when m is divided by 25?
23
Suppose 0 = 3*q - 43 - 95. What is the remainder when q is divided by 12?
10
Let u = -161 + 168. What is the remainder when 14 is divided by u?
0
Let p = 0 + 2. Suppose -j - p*j = -18. Let n(t) = -t**3 - 2*t**2 + 7*t + 6. What is the remainder when n(-4) is divided by j?
4
Let o = 81 + -12. Let y = o + -18. What is the remainder when y is divided by 13?
12
Let f be (-2 + 2 - 2) + 7. Suppose 0 = -0*t + f*t - 45. What is the remainder when 24 is divided by t?
6
Suppose -3*y + 8*y + 70 = 0. What is the remainder when 5 is divided by (-8)/28 - 46/y?
2
Suppose -u - 86 = -4*s, -2*s + 5*u + 48 = 2*u. What is the remainder when 41 is divided by s?
20
Suppose -20*f + 51 = -169. What is the remainder when 4*(1 + (-26)/(-4)) is divided by f?
8
Let m(w) = 4*w - 3. Suppose 3*r - 19 = -v - 0*v, 16 = -v + 4*r. Suppose 37 = 2*a - a. What is the remainder when a is divided by m(v)?
11
Suppose 0*m - 4 = -2*m, 3*m = -2*v - 4. Let n be (v/(-3))/((-1)/3). Let l(c) = -3*c - 4. What is the remainder when 32 is divided by l(n)?
10
Suppose 1 = -2*u + 11. Suppose -5*s + u = -35. Suppose 3*y - 46 - s = 0. What is the remainder when y is divided by 5?
3
Suppose 0 = -4*w + 8. Suppose 4*j = -2*q + 114, -w*j + 42 = -q - q. Let d(a) = a + 3. Calculate the remainder when j is divided by d(11).
12
Suppose -3*d + 64 = d. Suppose -z + 4*z = 6. Suppose 5*h + 23 = -0*s + z*s, -5*s + h = -46. What is the remainder when d is divided by s?
7
Let q(r) = r**2 + r + 1. Let g(k) = 3*k. Let y(w) = g(w) + 3*q(w). Calculate the remainder when y(-4) is divided by 14.
13
Calculate the remainder when 17 is divided by ((-44)/12)/((-3)/9).
6
Let n(o) = -o**3 + 3*o**2 + 5*o + 2. Suppose -13 = 2*h - h + 3*v, v = -3*h + 1. Suppose -h*u + 16 + 16 = 0. What is the remainder when u is divided by n(4)?
4
Suppose 5*m - 2*c - 2*c = 156, c + 32 = m. Suppose g = -2*b + m, -3*g - b + 84 = g. What is the remainder when (8/12)/(1/87) is divided by g?
18
Let t(a) = 4*a**2 + 3*a + 3. Let r be t(-3). Calculate the remainder when (-198)/r*(1 - 6) is divided by 12.
9
Suppose -b + 4 = -0*b. Suppose 14 = x + o, 4 = b*x + o - 37. Let v(p) = p**3 - 11*p**2 - 11*p - 7. Calculate the remainder when x is divided by v(12).
4
Suppose 5*n + 4*d - 36 = -0*d, 0 = 5*n + 5*d - 40. Let z = 1 + n. What is the remainder when 8 is divided by z?
3
Suppose -136 = -2*d + 4*s, -3*d = -0*d + s - 204. Let j = d - 39. Calculate the remainder when 113 is divided by j.
26
Let g(d) = 2*d - 2. Let i be g(7). Let l = i + 27. Calculate the remainder when l is divided by 20.
19
Let n(t) = -t + 4. Let g be n(6). Let d = g - -2. Suppose d*r = -4*r + 56. What is the remainder when 26 is divided by r?
12
Let p = 7 - -17. Let z = -34 - -48. What is the remainder when p is divided by z?
10
Suppose 20 = l - 5*x, 2*l - 2*x - 8 = 3*l. Suppose l = -m - 4*k + 2, 4 = 2*m - 5*k. Calculate the remainder when 10 is divided by m - (-5)/((-5)/(-2)).
2
Let l(w) = 50*w**3 - w**2 + w - 1. What is the remainder when l(1) is divided by 13?
10
Let b(l) = 42*l**2 - l. Let q be 447/(-12) - (-2)/8. Let n = q + 52. What is the remainder when b(-1) is divided by n?
13
Suppose -3*i + 2 = -5*s, -i + s + 13 = i. Calculate the remainder when i is divided by 5.
4
Let p = -8 - -5. Let z(x) = x**2 + 4*x + 4. Calculate the remainder when p/(-1)*78/9 is divided by z(-5).
8
Suppose 2*j + 9 = 17. Let y be (3 - -1)*(-1)/1. Let w(h) = -5*h - 5. What is the remainder when w(y) is divided by j?
3
Let d(j) = j**3 - 15*j**2 - 15*j + 6. Calculate the remainder when (6 - 7)*41*-1 is divided by d(16).
19
Let k(b) = 2*b**2 + 9*b + 2. Let n be k(-6). Let d(j) = j**3 - 5*j**2 - 5*j. What is the remainder when (n/(-6))/(4/(-18)) is divided by d(6)?
3
Suppose -10*z + 6*z = 5*t - 434, -4*t = 5*z - 340. Calculate the remainder when t is divided by 23.
21
Let f = 1 - -6. Calculate the remainder when 27 is divided by f.
6
Let i(u) = 2*u - 9. Let x(g) be the third derivative of -g**6/120 - g**5/12 - g**4/24 - g**3/6 + 2*g**2. What is the remainder when i(8) is divided by x(-5)?
3
Let y(b) = -b**3 - 5*b**2 + 7*b + 8. Let k be y(-6). What is the remainder when 106/5 + k/(-10) is divided by 6?
3
Suppose -66 = 4*v - v. Let z = v - -59. Calculate the remainder when z is divided by 13.
11
Let o(v) = -8*v**2 + v - 1. Let n be o(1). Let g(w) = -2*w - 4. Let h(r) = -r**3 - 4*r**2 + 4*r. Calculate the remainder when g(n) is divided by h(-5).
2
Suppose 0*s - 4*s = -68. Let h(x) = 50*x - 1. Let r be 1 + 6/3 + -2. Calculate the remainder when h(r) is divided by s.
15
Suppose 20 = 6*z - 4*z. What is the remainder when 18 is divided by z?
8
Calculate the remainder when 50 is divided by (-4)/18 - (-833)/63.
11
Let f = 4 + 6. Let k(v) = f - v - 1 - v**3 + 2*v. Calculate the remainder when 25 is divided by k(0).
7
Let x(c) = c + 7. Calculate the remainder when x(12) is divided by 11.
8
Let w = 0 + 3. Let y(q) = -q**2 + 6*q - 3. What is the remainder when 21 is divided by y(w)?
3
Let p(n) = n**2 + 2*n + 4. Let h(r) = 5 + 0 + 5*r - 3 + r**2. Calculate the remainder when p(-2) is divided by h(-5).
0
Suppose 2*n = -3*r - 0*n + 222, 2*r - n = 141. Suppose 3*u - r = -3*o + 45, 9 = -3*u. Calculate the remainder when o is divided by 15.
12
Suppose -3*y + a - 5 = -58, -y - 5*a + 23 = 0. Suppose -8*i - 67 = -339. What is the remainder when i is divided by y?
16
Let w(g) = g**3 + 4*g**2 + 3*g + 3. Calculate the remainder when w(-3) is divided by 2.
1
Suppose -5*m - 107 = 313. Let v = 118 + m. Suppose 3*i + 4*g - 32 = 0, 11 = 2*i + 2*g - 11. What is the remainder when v is divided by i?
10
Suppose -2*y = -2*z - 0*z + 36, -3*z = -2*y - 57. Calculate the remainder when 39 is divided by z.
18
Let y = 79 + -48. Let h = 27 + 14. Let n = -25 + h. Calculate the remainder when y is divided by n.
15
Suppose 5*h - 123 = 3*p, p + 32 = 3*h - 41. Calculate the remainder when 94 is divided by h.
22
Suppose j - 2*y = 30, y - 69 = -3*j - 0*y. Suppose 3*s + 5*u + 9 = 35, j = 3*s + 3*u. What is the remainder when s is divided by 5?
2
Suppose s - c + 0 = 3, -2*s + 6 = 2*c. Suppose 0 = -h + 2*v - 3, h - 2*h = 5*v - 18. What is the remainder when s is divided by h?
0
Let y(q) = q**2 - 12. Calculate the remainder when y(9) is divided by 14.
13
What is the remainder when (2272/18 - -4) + (-2)/9 is divided by 44?
42
Let v(j) = -j**3 - 9*j**2 + 10*j + 9. Let x(c) = c**2 - c - 1. Let o(q) = v(q) + 5*x(q). Let p = 12 + -18. Calculate the remainder when o(p) is divided by 24.
22
Let g(x) = 6*x + 1. Let y(o) = -o - 2. Let n be y(-4). Let u = 74 + -37. Calculate the remainder when u is divided by g(n).
11
Suppose 40 = -9*q + 13*q. What is the remainder when 48 is divided by q?
8
Suppose -2*u + 55 = 3*z, 6*u - 2*u + 3*z = 125. Suppose d - 2*d = -u. Calculate the remainder when d*(-5)/((-50)/8) is divided by 15.
13
Let a be (0 + -1 + 2)/1. Let y = 36 - 23. Calculate the remainder when a/(2 + (-150)/76) is divided by y.
12
Let q be 0 + 2 + -2 + 12. Suppose 2*l = -5*a, 5*a = -4*l - 2 + q. What is the remainder when 9 is divided by l?
4
Let y(s) = -s**3 - s + 5. Let w(v) = -v**2 + v + 2. Let d be w(2). Suppose 56 = 4*k + 5*m, 5*m = 15 + 5. Calculate the remainder when k is divided by y(d).
4
Let f(d) = -10*d - 27. Suppose 0 = g + 3*g - 12. What is the remainder when f(-3) is divided by g?
0
Let l(j) = 30*j**2 - 2*j - 1. Let o(b) = -2*b**2 + 3*b + 1. Let u be o(-3). Let s = u - -42. What is the remainder when l(-1) is divided by s?
15
Let g(p) = p**2 + 4*p - 10. Calculate the remainder when 107 is divided by g(-8).
19
What is the remainder when (-6)/((-4)/52 + 0) is divided by 27?
24
Suppose 2*j - 10 = -2*i + 5*j, -i = 2*j - 19. Calculate the remainder when i is divided by 7.
4
Let o(r) = -7*r + 1. Let t be o(2). Let m = t + 23. Calculate the remainder when (-3)/(-15) - (-308)/m is divided b